s divided by 1938420?
405
What is the remainder when 946870 is divided by 645?
10
What is the remainder when 69954 is divided by 9093?
6303
What is the remainder when 192607 is divided by 47922?
919
What is the remainder when 363858 is divided by 9329?
27
Calculate the remainder when 245485 is divided by 4814.
4785
Calculate the remainder when 1005913 is divided by 2206.
2183
What is the remainder when 1496653 is divided by 9235?
583
Calculate the remainder when 430748 is divided by 120.
68
What is the remainder when 19172278 is divided by 51?
1
Calculate the remainder when 315324 is divided by 50.
24
What is the remainder when 47553966 is divided by 203?
201
What is the remainder when 490132 is divided by 15139?
5684
What is the remainder when 287350 is divided by 234?
232
Calculate the remainder when 1333504 is divided by 127.
4
What is the remainder when 2050274 is divided by 864?
2
Calculate the remainder when 62664 is divided by 121.
107
What is the remainder when 21711 is divided by 8?
7
Calculate the remainder when 184538734 is divided by 61512906.
16
What is the remainder when 9071553 is divided by 337?
187
Calculate the remainder when 71942775 is divided by 15268.
15227
Calculate the remainder when 137182 is divided by 45727.
1
What is the remainder when 4400845 is divided by 249?
19
What is the remainder when 17140697 is divided by 190452?
17
Calculate the remainder when 13914427 is divided by 2448.
2443
Calculate the remainder when 79607 is divided by 78289.
1318
What is the remainder when 301813757 is divided by 640?
637
What is the remainder when 17426 is divided by 8652?
122
Calculate the remainder when 43062798 is divided by 118.
114
Calculate the remainder when 2454119 is divided by 817796.
731
What is the remainder when 5796 is divided by 4514?
1282
What is the remainder when 347109 is divided by 1024?
997
What is the remainder when 78717 is divided by 2127?
18
What is the remainder when 81606 is divided by 4224?
1350
What is the remainder when 539373 is divided by 536974?
2399
What is the remainder when 257051 is divided by 443?
111
Calculate the remainder when 205478 is divided by 1231.
1132
What is the remainder when 437453 is divided by 29?
17
What is the remainder when 16656 is divided by 4149?
60
Calculate the remainder when 325997 is divided by 619.
403
Calculate the remainder when 604482 is divided by 194.
172
Calculate the remainder when 3004846 is divided by 2469.
73
Calculate the remainder when 413338 is divided by 484.
2
Calculate the remainder when 1798344 is divided by 1641.
1449
What is the remainder when 418751 is divided by 104594?
375
What is the remainder when 8644928 is divided by 12?
8
What is the remainder when 90673 is divided by 333?
97
Calculate the remainder when 1057725 is divided by 4164.
69
Calculate the remainder when 17963645 is divided by 296.
293
What is the remainder when 10054432 is divided by 683?
672
Calculate the remainder when 123761 is divided by 5180.
4621
Calculate the remainder when 4771795 is divided by 396.
391
Calculate the remainder when 612358 is divided by 2195.
2148
What is the remainder when 10658274 is divided by 187?
22
Calculate the remainder when 2565430 is divided by 2816.
54
What is the remainder when 26328262 is divided by 332?
330
Calculate the remainder when 5752552 is divided by 193.
187
Calculate the remainder when 675283 is divided by 68.
43
What is the remainder when 818642587 is divided by 1748?
1747
What is the remainder when 60840 is divided by 4729?
4092
What is the remainder when 431076 is divided by 2836?
4
What is the remainder when 75788343 is divided by 3988860?
3
Calculate the remainder when 447468 is divided by 23550.
18
What is the remainder when 1826689 is divided by 539?
18
What is the remainder when 365772 is divided by 365772?
0
What is the remainder when 3890156 is divided by 293?
288
Calculate the remainder when 814825 is divided by 4101.
2827
What is the remainder when 629098 is divided by 32?
10
What is the remainder when 88488 is divided by 2057?
37
Calculate the remainder when 255380102 is divided by 1683.
1682
Calculate the remainder when 11574709 is divided by 136173.
4
What is the remainder when 2846763 is divided by 1065?
18
Calculate the remainder when 153556 is divided by 30696.
76
What is the remainder when 1908623 is divided by 212067?
20
Calculate the remainder when 237008308 is divided by 777.
775
What is the remainder when 14965298 is divided by 100?
98
What is the remainder when 28298 is divided by 1287?
1271
What is the remainder when 8750871 is divided by 13?
12
What is the remainder when 6289395 is divided by 84?
63
Calculate the remainder when 549512 is divided by 8586.
8
What is the remainder when 1419683 is divided by 1254?
155
What is the remainder when 9545539 is divided by 1363647?
10
Calculate the remainder when 215105698 is divided by 178.
174
What is the remainder when 61765100 is divided by 18?
8
What is the remainder when 2674499 is divided by 21?
2
What is the remainder when 205671 is divided by 5876?
11
Calculate the remainder when 38103 is divided by 3697.
1133
What is the remainder when 2266105 is divided by 9684?
49
Calculate the remainder when 340586645 is divided by 49.
42
Calculate the remainder when 2518930 is divided by 193760.
50
What is the remainder when 608427 is divided by 85?
82
What is the remainder when 46320 is divided by 3014?
1110
Calculate the remainder when 65677467 is divided by 16419363.
15
Calculate the remainder when 6612138 is divided by 3851.
3822
What is the remainder when 3171307 is divided by 96?
43
Calculate the remainder when 414734 is divided by 644.
642
What is the remainder when 955192 is divided by 191035?
17
What is the remainder when 240638361 is divided by 108?
105
Calculate the remainder when 185967 is divided by 103.
52
Calculate the remainder when 65078 is divided by 6739.
4427
Calculate the remainder when 61982 is divided by 61469.
513
What is the remainder when 14341297 is divided by 36?
13
What is the remainder when 2928364 is divided by 295?
194
What is the remainder when 1414329 is divided by 240?
9
What is the remainder when 470622 is divided by 126?
12
What is the remainder when 99035933 is divided by 3003?
2999
What is the remainder when 40119 is divided by 8003?
104
What is the remainder when 727823 is divided by 103970?
33
What is the remainder when 80486 is divided by 1783?
251
What is the remainder when 864843 is divided by 4992?
1227
What is the remainder when 1517418 is divided by 600?
18
What is the remainder when 3527783 is divided by 384?
359
What is the remainder when 2157096 is divided by 807?
792
Calculate the remainder when 2655820 is divided by 20.
0
What is the remainder when 13887406 is divided by 108495?
46
What is the remainder when 341878245 is divided by 8?
5
What is the remainder when 372485 is divided by 62080?
5
Calculate the remainder when 14539 is divided by 13665.
874
What is the remainder when 71592524 is divided by 54?
26
Calculate the remainder when 1897003 is divided by 99842.
5
What is the remainder when 134847 is divided by 11231?
75
Calculate the remainder when 50087 is divided by 1473.
5
What is the remainder when 725973 is divided by 241966?
75
Calculate the remainder when 491026918 is divided by 1556.
1554
Calculate the remainder when 31215360 is divided by 1451.
1448
Calculate the remainder when 1311882 is divided by 4049.
6
Calculate the remainder when 232646 is divided by 2908.
6
What is the remainder when 21397838 is divided by 18?
14
What is the remainder when 73508 is divided by 65?
58
Calculate the remainder when 422912 is divided by 206.
200
What is the remainder when 7633315 is divided by 7633312?
3
What is the remainder when 30703655 is divided by 1756?
1751
What is the remainder when 509947 is divided by 77?
53
What is the remainder when 348301 is divided by 5048?
5037
What is the remainder when 913262 is divided by 1580?
22
Calculate the remainder when 3046442 is divided by 1523173.
96
What is the remainder when 40412 is divided by 1036?
8
Calculate the remainder when 22747020 is divided by 36987.
15
Calculate the remainder when 1180805 is divided by 4982.
71
What is the remainder when 321884 is divided by 26822?
